{"id":313,"date":"2023-07-17T16:57:45","date_gmt":"2023-07-17T16:57:45","guid":{"rendered":"http:\/\/kraljsencil.si\/?page_id=313"},"modified":"2023-07-17T17:09:00","modified_gmt":"2023-07-17T17:09:00","slug":"pravno-obvestilo","status":"publish","type":"page","link":"http:\/\/kraljsencil.si\/?page_id=313","title":{"rendered":"Pravno obvestilo"},"content":{"rendered":"\t\t<div data-elementor-type=\"wp-page\" data-elementor-id=\"313\" class=\"elementor elementor-313\">\n\t\t\t\t\t\t\t\t\t<header class=\"elementor-section elementor-top-section elementor-element elementor-element-6ca61d1e elementor-section-full_width she-header-hide-on-scroll-yes she-header-yes elementor-section-height-default elementor-section-height-default\" data-id=\"6ca61d1e\" data-element_type=\"section\" data-settings=\"{&quot;transparent_header_show&quot;:&quot;yes&quot;,&quot;hide_header&quot;:&quot;yes&quot;,&quot;transparent&quot;:&quot;yes&quot;,&quot;background_background&quot;:&quot;classic&quot;,&quot;transparent_on&quot;:[&quot;desktop&quot;,&quot;tablet&quot;,&quot;mobile&quot;],&quot;scroll_distance&quot;:{&quot;unit&quot;:&quot;px&quot;,&quot;size&quot;:60,&quot;sizes&quot;:[]},&quot;scroll_distance_tablet&quot;:{&quot;unit&quot;:&quot;px&quot;,&quot;size&quot;:&quot;&quot;,&quot;sizes&quot;:[]},&quot;scroll_distance_mobile&quot;:{&quot;unit&quot;:&quot;px&quot;,&quot;size&quot;:&quot;&quot;,&quot;sizes&quot;:[]},&quot;scroll_distance_hide_header&quot;:{&quot;unit&quot;:&quot;px&quot;,&quot;size&quot;:500,&quot;sizes&quot;:[]},&quot;scroll_distance_hide_header_tablet&quot;:{&quot;unit&quot;:&quot;px&quot;,&quot;size&quot;:&quot;&quot;,&quot;sizes&quot;:[]},&quot;scroll_distance_hide_header_mobile&quot;:{&quot;unit&quot;:&quot;px&quot;,&quot;size&quot;:&quot;&quot;,&quot;sizes&quot;:[]}}\">\n\t\t\t\t\t\t<div class=\"elementor-container elementor-column-gap-default\">\n\t\t\t\t\t<div class=\"elementor-column elementor-col-50 elementor-top-column elementor-element elementor-element-28ced054\" data-id=\"28ced054\" data-element_type=\"column\">\n\t\t\t<div class=\"elementor-widget-wrap elementor-element-populated\">\n\t\t\t\t\t\t\t\t<div class=\"elementor-element elementor-element-4ede6c1c elementor-widget__width-auto de_scroll_animation_no elementor-widget elementor-widget-ekit-nav-menu\" data-id=\"4ede6c1c\" data-element_type=\"widget\" data-widget_type=\"ekit-nav-menu.default\">\n\t\t\t\t<div class=\"elementor-widget-container\">\n\t\t\t<div class=\"ekit-wid-con ekit_menu_responsive_tablet\" data-hamburger-icon=\"icon icon-burger-menu\" data-hamburger-icon-type=\"icon\" data-responsive-breakpoint=\"1024\"><\/div>\t\t<\/div>\n\t\t\t\t<\/div>\n\t\t\t\t<div class=\"elementor-element elementor-element-583a3eba elementor-widget__width-initial elementor-widget-tablet__width-auto elementor-hidden-mobile elementor-hidden-tablet elementor-button-info de_scroll_animation_no elementor-widget elementor-widget-button\" data-id=\"583a3eba\" data-element_type=\"widget\" data-widget_type=\"button.default\">\n\t\t\t\t<div class=\"elementor-widget-container\">\n\t\t\t\t\t<div class=\"elementor-button-wrapper\">\n\t\t\t<a href=\"http:\/\/www.kraljsencil.si\" class=\"elementor-button-link elementor-button elementor-size-sm\" role=\"button\">\n\t\t\t\t\t\t<span class=\"elementor-button-content-wrapper\">\n\t\t\t\t\t\t<span class=\"elementor-button-text\">KRALJ SEN\u010cIL - MARKO KRALJ s.p.<\/span>\n\t\t<\/span>\n\t\t\t\t\t<\/a>\n\t\t<\/div>\n\t\t\t\t<\/div>\n\t\t\t\t<\/div>\n\t\t\t\t\t<\/div>\n\t\t<\/div>\n\t\t\t\t<div class=\"elementor-column elementor-col-50 elementor-top-column elementor-element elementor-element-7b64319\" data-id=\"7b64319\" data-element_type=\"column\">\n\t\t\t<div class=\"elementor-widget-wrap elementor-element-populated\">\n\t\t\t\t\t\t\t\t<div class=\"elementor-element elementor-element-718c98e de_scroll_animation_no elementor-widget elementor-widget-heading\" data-id=\"718c98e\" data-element_type=\"widget\" data-widget_type=\"heading.default\">\n\t\t\t\t<div class=\"elementor-widget-container\">\n\t\t\t<style>\/*! elementor - v3.13.3 - 28-05-2023 *\/\n.elementor-heading-title{padding:0;margin:0;line-height:1}.elementor-widget-heading .elementor-heading-title[class*=elementor-size-]>a{color:inherit;font-size:inherit;line-height:inherit}.elementor-widget-heading .elementor-heading-title.elementor-size-small{font-size:15px}.elementor-widget-heading .elementor-heading-title.elementor-size-medium{font-size:19px}.elementor-widget-heading .elementor-heading-title.elementor-size-large{font-size:29px}.elementor-widget-heading .elementor-heading-title.elementor-size-xl{font-size:39px}.elementor-widget-heading .elementor-heading-title.elementor-size-xxl{font-size:59px}<\/style><h2 class=\"elementor-heading-title elementor-size-small\">POKLI\u010cITE NAS +386 (0) 40 525 799<\/h2>\t\t<\/div>\n\t\t\t\t<\/div>\n\t\t\t\t\t<\/div>\n\t\t<\/div>\n\t\t\t\t\t\t\t<\/div>\n\t\t<\/header>\n\t\t\t\t<section class=\"elementor-section elementor-top-section elementor-element elementor-element-273af569 elementor-section-boxed elementor-section-height-default elementor-section-height-default\" data-id=\"273af569\" data-element_type=\"section\" data-settings=\"{&quot;background_background&quot;:&quot;classic&quot;}\">\n\t\t\t\t\t\t<div class=\"elementor-container elementor-column-gap-no\">\n\t\t\t\t\t<div class=\"elementor-column elementor-col-100 elementor-top-column elementor-element elementor-element-322aa07f\" data-id=\"322aa07f\" data-element_type=\"column\">\n\t\t\t<div class=\"elementor-widget-wrap elementor-element-populated\">\n\t\t\t\t\t\t\t\t<div class=\"elementor-element elementor-element-21c8d649 de_scroll_animation_no elementor-widget elementor-widget-heading\" data-id=\"21c8d649\" data-element_type=\"widget\" data-widget_type=\"heading.default\">\n\t\t\t\t<div class=\"elementor-widget-container\">\n\t\t\t<h2 class=\"elementor-heading-title elementor-size-default\">Pravno obvestilo<\/h2>\t\t<\/div>\n\t\t\t\t<\/div>\n\t\t\t\t<div class=\"elementor-element elementor-element-7e5ad2fb de_scroll_animation_no elementor-widget elementor-widget-text-editor\" data-id=\"7e5ad2fb\" data-element_type=\"widget\" data-widget_type=\"text-editor.default\">\n\t\t\t\t<div class=\"elementor-widget-container\">\n\t\t\t<style>\/*! elementor - v3.13.3 - 28-05-2023 *\/\n.elementor-widget-text-editor.elementor-drop-cap-view-stacked .elementor-drop-cap{background-color:#69727d;color:#fff}.elementor-widget-text-editor.elementor-drop-cap-view-framed .elementor-drop-cap{color:#69727d;border:3px solid;background-color:transparent}.elementor-widget-text-editor:not(.elementor-drop-cap-view-default) .elementor-drop-cap{margin-top:8px}.elementor-widget-text-editor:not(.elementor-drop-cap-view-default) .elementor-drop-cap-letter{width:1em;height:1em}.elementor-widget-text-editor .elementor-drop-cap{float:left;text-align:center;line-height:1;font-size:50px}.elementor-widget-text-editor .elementor-drop-cap-letter{display:inline-block}<\/style>\t\t\t\t<p>SPO\u0160TOVANI UPORABNIK<\/p><p>Va\u0161a zasebnost nam je pomembna, zato vas obve\u0161\u010damo, da na\u0161a spletna stran uporablja pi\u0161kotke. Pi\u0161kotki so majhne besedilne datoteke, ki se shranijo na va\u0161 ra\u010dunalnik ali mobilno napravo, ko obi\u0161\u010dete na\u0161o spletno stran.<\/p><p>Pi\u0161kotki nam pomagajo izbolj\u0161ati delovanje in uporabni\u0161ko izku\u0161njo na\u0161e spletne strani. Z njihovo pomo\u010djo se spomnimo va\u0161ih nastavitev, shranimo informacije o jezikovnih preferencah in omogo\u010dimo prilagajanje vsebine glede na va\u0161e interese. Prav tako nam pi\u0161kotki omogo\u010dajo analizo prometa in statistiko, s \u010dimer lahko izbolj\u0161amo na\u0161o spletno stran ter vam zagotovimo \u0161e bolj\u0161e storitve.<\/p><p>Nekateri pi\u0161kotki, ki jih uporabljamo, so nujno potrebni za delovanje osnovnih funkcij spletne strani. Brez teh pi\u0161kotkov morda ne boste mogli uporabljati vseh funkcij in storitev, ki jih ponujamo.<\/p><p>Z uporabo na\u0161e spletne strani se strinjate z uporabo pi\u0161kotkov v skladu s tem obvestilom. \u010ce ne \u017eelite sprejemati pi\u0161kotkov, lahko spremenite nastavitve svojega brskalnika in onemogo\u010dite uporabo pi\u0161kotkov. Vendar pa upo\u0161tevajte, da lahko onemogo\u010danje pi\u0161kotkov vpliva na delovanje in funkcionalnost na\u0161e spletne strani.<\/p><p>Za ve\u010d informacij o pi\u0161kotkih, kako jih uporabljamo in kako lahko spremenite svoje nastavitve, si preberite na\u0161o politiko zasebnosti.<\/p><p>IZJAVA O VARSTVU OSEBNIH PODATKOV<\/p><p>Podjetje Marko Kralj s.p. se zavezuje k varovanju zasebnosti in varstvu osebnih podatkov svojih strank ter drugih posameznikov, s katerimi vzpostavi poslovni odnos ali komunikacijo. V skladu z veljavno zakonodajo na podro\u010dju varstva osebnih podatkov, vklju\u010dno z Uredbo (EU) 2016\/679 o varstvu posameznikov pri obdelavi osebnih podatkov (Splo\u0161na uredba o varstvu podatkov &#8211; GDPR), podjetje Marko Kralj s.p. zagotavlja naslednje:<\/p><ol><li><p>Zbiranje in obdelava osebnih podatkov: Podjetje Marko Kralj s.p. bo osebne podatke zbiralo in obdelovalo le v skladu s pravnimi temelji, kot jih dolo\u010da veljavna zakonodaja. Osebni podatki se zbirajo izklju\u010dno za namene, ki so dolo\u010deni in jih posameznik jasno prepozna ob posredovanju podatkov. Podjetje bo zbiralo le tiste osebne podatke, ki so potrebni za izpolnitev dolo\u010denega namena, ter jih hranilo le toliko \u010dasa, kolikor je potrebno za dosego tega namena.<\/p><\/li><li><p>Uporaba in razkritje osebnih podatkov: Podjetje Marko Kralj s.p. bo osebne podatke uporabljalo izklju\u010dno za namene, za katere so bili zbrani, razen \u010de je posameznik izrecno privolil v nadaljnjo uporabo. Osebnih podatkov ne bomo razkrivali tretjim osebam, razen \u010de je to potrebno za izpolnitev pogodbenih obveznosti ali \u010de za to obstaja zakonska obveznost.<\/p><\/li><li><p>Varnost osebnih podatkov: Podjetje Marko Kralj s.p. bo sprejelo ustrezne tehni\u010dne in organizacijske ukrepe za za\u0161\u010dito osebnih podatkov pred nepoobla\u0161\u010denim dostopom, izgubo, uni\u010denjem ali spremembo. Zagotovili bomo tudi ustrezno izobra\u017eevanje in ozave\u0161\u010denost na\u0161ih zaposlenih glede varstva osebnih podatkov.<\/p><\/li><li><p>Pravice posameznikov: Posamezniki imajo pravico do dostopa do svojih osebnih podatkov, popravka neto\u010dnih podatkov, izbrisa ali omejitve obdelave svojih podatkov ter ugovora proti obdelavi. Prav tako imajo pravico do prenosljivosti podatkov in umika privolitve za obdelavo podatkov. Vse te pravice lahko posameznik uveljavlja tako, da se obrne na nas preko kontaktnih podatkov, navedenih na koncu te izjave.<\/p><\/li><li><p>Pi\u0161kotki: Na\u0161a spletna stran uporablja pi\u0161kotke. Ve\u010d informacij o pi\u0161kotkih in njihovi uporabi najdete v na\u0161em Obvestilu o uporabi pi\u0161kotkov.<\/p><\/li><\/ol><p>\u010ce imate kakr\u0161nakoli vpra\u0161anja v zvezi z varstvom osebnih podatkov ali \u017eelite uveljavljati svoje pravice, se lahko obrnete na nas preko spodaj navedenih kontaktnih podatkov.<\/p><p>Kontaktni podatki:<\/p><p>Kralj Sen\u010dil &#8211; Marko Kralj s.p. Naslov: Hru\u0161ica 43, 8000 Novo mesto Telefon: +386 (0)40 525 799 E-naslov: info@kraljsencil.si<\/p><p>Naslov za vlo\u017eitev prito\u017eb:<\/p><p>Informacijski poobla\u0161\u010denec Republike Slovenije Dunajska cesta 22, 1000 Ljubljana Telefon: +386 1 230 9730 E-naslov: <a href=\"mailto:gp.ip@ip-rs.si\" target=\"_new\">gp.ip@ip-rs.si<\/a><\/p><p>Ta Izjava o varstvu osebnih podatkov velja od 1. januarja 2022.<\/p>\t\t\t\t\t\t<\/div>\n\t\t\t\t<\/div>\n\t\t\t\t\t<\/div>\n\t\t<\/div>\n\t\t\t\t\t\t\t<\/div>\n\t\t<\/section>\n\t\t\t\t<section class=\"elementor-section elementor-top-section elementor-element elementor-element-76e57cd elementor-section-full_width elementor-section-height-default elementor-section-height-default\" data-id=\"76e57cd\" data-element_type=\"section\">\n\t\t\t\t\t\t<div class=\"elementor-container elementor-column-gap-default\">\n\t\t\t\t\t<div class=\"elementor-column elementor-col-100 elementor-top-column elementor-element elementor-element-320375f3\" data-id=\"320375f3\" data-element_type=\"column\">\n\t\t\t<div class=\"elementor-widget-wrap elementor-element-populated\">\n\t\t\t\t\t\t\t\t<div class=\"elementor-element elementor-element-2bf2197f elementor-widget-divider--view-line de_scroll_animation_no elementor-widget elementor-widget-divider\" data-id=\"2bf2197f\" data-element_type=\"widget\" data-widget_type=\"divider.default\">\n\t\t\t\t<div class=\"elementor-widget-container\">\n\t\t\t<style>\/*! elementor - v3.13.3 - 28-05-2023 *\/\n.elementor-widget-divider{--divider-border-style:none;--divider-border-width:1px;--divider-color:#0c0d0e;--divider-icon-size:20px;--divider-element-spacing:10px;--divider-pattern-height:24px;--divider-pattern-size:20px;--divider-pattern-url:none;--divider-pattern-repeat:repeat-x}.elementor-widget-divider .elementor-divider{display:flex}.elementor-widget-divider .elementor-divider__text{font-size:15px;line-height:1;max-width:95%}.elementor-widget-divider .elementor-divider__element{margin:0 var(--divider-element-spacing);flex-shrink:0}.elementor-widget-divider .elementor-icon{font-size:var(--divider-icon-size)}.elementor-widget-divider .elementor-divider-separator{display:flex;margin:0;direction:ltr}.elementor-widget-divider--view-line_icon .elementor-divider-separator,.elementor-widget-divider--view-line_text .elementor-divider-separator{align-items:center}.elementor-widget-divider--view-line_icon .elementor-divider-separator:after,.elementor-widget-divider--view-line_icon .elementor-divider-separator:before,.elementor-widget-divider--view-line_text .elementor-divider-separator:after,.elementor-widget-divider--view-line_text .elementor-divider-separator:before{display:block;content:\"\";border-bottom:0;flex-grow:1;border-top:var(--divider-border-width) var(--divider-border-style) var(--divider-color)}.elementor-widget-divider--element-align-left .elementor-divider .elementor-divider-separator>.elementor-divider__svg:first-of-type{flex-grow:0;flex-shrink:100}.elementor-widget-divider--element-align-left .elementor-divider-separator:before{content:none}.elementor-widget-divider--element-align-left .elementor-divider__element{margin-left:0}.elementor-widget-divider--element-align-right .elementor-divider .elementor-divider-separator>.elementor-divider__svg:last-of-type{flex-grow:0;flex-shrink:100}.elementor-widget-divider--element-align-right .elementor-divider-separator:after{content:none}.elementor-widget-divider--element-align-right .elementor-divider__element{margin-right:0}.elementor-widget-divider:not(.elementor-widget-divider--view-line_text):not(.elementor-widget-divider--view-line_icon) .elementor-divider-separator{border-top:var(--divider-border-width) var(--divider-border-style) var(--divider-color)}.elementor-widget-divider--separator-type-pattern{--divider-border-style:none}.elementor-widget-divider--separator-type-pattern.elementor-widget-divider--view-line .elementor-divider-separator,.elementor-widget-divider--separator-type-pattern:not(.elementor-widget-divider--view-line) .elementor-divider-separator:after,.elementor-widget-divider--separator-type-pattern:not(.elementor-widget-divider--view-line) .elementor-divider-separator:before,.elementor-widget-divider--separator-type-pattern:not([class*=elementor-widget-divider--view]) .elementor-divider-separator{width:100%;min-height:var(--divider-pattern-height);-webkit-mask-size:var(--divider-pattern-size) 100%;mask-size:var(--divider-pattern-size) 100%;-webkit-mask-repeat:var(--divider-pattern-repeat);mask-repeat:var(--divider-pattern-repeat);background-color:var(--divider-color);-webkit-mask-image:var(--divider-pattern-url);mask-image:var(--divider-pattern-url)}.elementor-widget-divider--no-spacing{--divider-pattern-size:auto}.elementor-widget-divider--bg-round{--divider-pattern-repeat:round}.rtl .elementor-widget-divider .elementor-divider__text{direction:rtl}.e-con-inner>.elementor-widget-divider,.e-con>.elementor-widget-divider{width:var(--container-widget-width,100%);--flex-grow:var(--container-widget-flex-grow)}<\/style>\t\t<div class=\"elementor-divider\">\n\t\t\t<span class=\"elementor-divider-separator\">\n\t\t\t\t\t\t<\/span>\n\t\t<\/div>\n\t\t\t\t<\/div>\n\t\t\t\t<\/div>\n\t\t\t\t\t<\/div>\n\t\t<\/div>\n\t\t\t\t\t\t\t<\/div>\n\t\t<\/section>\n\t\t\t\t<section class=\"elementor-section elementor-top-section elementor-element elementor-element-2defeef elementor-section-boxed elementor-section-height-default elementor-section-height-default\" data-id=\"2defeef\" data-element_type=\"section\">\n\t\t\t\t\t\t<div class=\"elementor-container elementor-column-gap-default\">\n\t\t\t\t\t<div class=\"elementor-column elementor-col-33 elementor-top-column elementor-element elementor-element-558e0211\" data-id=\"558e0211\" data-element_type=\"column\">\n\t\t\t<div class=\"elementor-widget-wrap elementor-element-populated\">\n\t\t\t\t\t\t\t\t<div class=\"elementor-element elementor-element-55d602ad de_scroll_animation_no elementor-widget elementor-widget-site-logo\" data-id=\"55d602ad\" data-element_type=\"widget\" data-settings=\"{&quot;align&quot;:&quot;left&quot;,&quot;width&quot;:{&quot;unit&quot;:&quot;%&quot;,&quot;size&quot;:&quot;&quot;,&quot;sizes&quot;:[]},&quot;width_tablet&quot;:{&quot;unit&quot;:&quot;%&quot;,&quot;size&quot;:&quot;&quot;,&quot;sizes&quot;:[]},&quot;width_mobile&quot;:{&quot;unit&quot;:&quot;%&quot;,&quot;size&quot;:&quot;&quot;,&quot;sizes&quot;:[]},&quot;space&quot;:{&quot;unit&quot;:&quot;%&quot;,&quot;size&quot;:&quot;&quot;,&quot;sizes&quot;:[]},&quot;space_tablet&quot;:{&quot;unit&quot;:&quot;%&quot;,&quot;size&quot;:&quot;&quot;,&quot;sizes&quot;:[]},&quot;space_mobile&quot;:{&quot;unit&quot;:&quot;%&quot;,&quot;size&quot;:&quot;&quot;,&quot;sizes&quot;:[]},&quot;image_border_radius&quot;:{&quot;unit&quot;:&quot;px&quot;,&quot;top&quot;:&quot;&quot;,&quot;right&quot;:&quot;&quot;,&quot;bottom&quot;:&quot;&quot;,&quot;left&quot;:&quot;&quot;,&quot;isLinked&quot;:true},&quot;image_border_radius_tablet&quot;:{&quot;unit&quot;:&quot;px&quot;,&quot;top&quot;:&quot;&quot;,&quot;right&quot;:&quot;&quot;,&quot;bottom&quot;:&quot;&quot;,&quot;left&quot;:&quot;&quot;,&quot;isLinked&quot;:true},&quot;image_border_radius_mobile&quot;:{&quot;unit&quot;:&quot;px&quot;,&quot;top&quot;:&quot;&quot;,&quot;right&quot;:&quot;&quot;,&quot;bottom&quot;:&quot;&quot;,&quot;left&quot;:&quot;&quot;,&quot;isLinked&quot;:true},&quot;caption_padding&quot;:{&quot;unit&quot;:&quot;px&quot;,&quot;top&quot;:&quot;&quot;,&quot;right&quot;:&quot;&quot;,&quot;bottom&quot;:&quot;&quot;,&quot;left&quot;:&quot;&quot;,&quot;isLinked&quot;:true},&quot;caption_padding_tablet&quot;:{&quot;unit&quot;:&quot;px&quot;,&quot;top&quot;:&quot;&quot;,&quot;right&quot;:&quot;&quot;,&quot;bottom&quot;:&quot;&quot;,&quot;left&quot;:&quot;&quot;,&quot;isLinked&quot;:true},&quot;caption_padding_mobile&quot;:{&quot;unit&quot;:&quot;px&quot;,&quot;top&quot;:&quot;&quot;,&quot;right&quot;:&quot;&quot;,&quot;bottom&quot;:&quot;&quot;,&quot;left&quot;:&quot;&quot;,&quot;isLinked&quot;:true},&quot;caption_space&quot;:{&quot;unit&quot;:&quot;px&quot;,&quot;size&quot;:0,&quot;sizes&quot;:[]},&quot;caption_space_tablet&quot;:{&quot;unit&quot;:&quot;px&quot;,&quot;size&quot;:&quot;&quot;,&quot;sizes&quot;:[]},&quot;caption_space_mobile&quot;:{&quot;unit&quot;:&quot;px&quot;,&quot;size&quot;:&quot;&quot;,&quot;sizes&quot;:[]}}\" data-widget_type=\"site-logo.default\">\n\t\t\t\t<div class=\"elementor-widget-container\">\n\t\t\t\t\t<div class=\"hfe-site-logo\">\n\t\t\t\t\t\t\t\t\t\t\t\t\t<a data-elementor-open-lightbox=\"\"  class='elementor-clickable' href=\"http:\/\/kraljsencil.si\">\n\t\t\t\t\t\t\t<div class=\"hfe-site-logo-set\">           \n\t\t\t\t<div class=\"hfe-site-logo-container\">\n\t\t\t\t\t<img decoding=\"async\" class=\"hfe-site-logo-img elementor-animation-\"  src=\"http:\/\/kraljsencil.si\/wp-content\/uploads\/2023\/06\/lokacija_maps_1-768x437.jpg\" alt=\"lokacija_maps_1\"\/>\n\t\t\t\t<\/div>\n\t\t\t<\/div>\n\t\t\t\t\t\t\t<\/a>\n\t\t\t\t\t\t<\/div>  \n\t\t\t\t\t<\/div>\n\t\t\t\t<\/div>\n\t\t\t\t<div class=\"elementor-element elementor-element-a839b3f de_scroll_animation_no elementor-widget elementor-widget-text-editor\" data-id=\"a839b3f\" data-element_type=\"widget\" data-widget_type=\"text-editor.default\">\n\t\t\t\t<div class=\"elementor-widget-container\">\n\t\t\t\t\t\t\t<p>Na\u0161e podjetje deluje po celotni Sloveniji ter tudi izven njenih meja.<\/p>\t\t\t\t\t\t<\/div>\n\t\t\t\t<\/div>\n\t\t\t\t\t<\/div>\n\t\t<\/div>\n\t\t\t\t<div class=\"elementor-column elementor-col-66 elementor-top-column elementor-element elementor-element-5ab18f39\" data-id=\"5ab18f39\" data-element_type=\"column\">\n\t\t\t<div class=\"elementor-widget-wrap elementor-element-populated\">\n\t\t\t\t\t\t\t\t<div class=\"elementor-element elementor-element-303a10d8 de_scroll_animation_no elementor-widget elementor-widget-heading\" data-id=\"303a10d8\" data-element_type=\"widget\" data-widget_type=\"heading.default\">\n\t\t\t\t<div class=\"elementor-widget-container\">\n\t\t\t<h2 class=\"elementor-heading-title elementor-size-default\">Stopite v stik z nami<\/h2>\t\t<\/div>\n\t\t\t\t<\/div>\n\t\t\t\t<div class=\"elementor-element elementor-element-5df9f658 de_scroll_animation_no elementor-widget elementor-widget-elementskit-header-info\" data-id=\"5df9f658\" data-element_type=\"widget\" data-widget_type=\"elementskit-header-info.default\">\n\t\t\t\t<div class=\"elementor-widget-container\">\n\t\t\t<div class=\"ekit-wid-con\" >        <ul class=\"ekit-header-info\">\n                                    <li>\n                            <a > \n                                <i aria-hidden=\"true\" class=\"icon icon-map-marker1\"><\/i>                                Hru\u0161ica 43, 8000 Novo mesto                            <\/a>\n                        <\/li>\n\n                                            <li>\n                            <a > \n                                <i aria-hidden=\"true\" class=\"icon icon-phone-handset\"><\/i>                                040 525 799                            <\/a>\n                        <\/li>\n\n                                            <li>\n                            <a > \n                                <i aria-hidden=\"true\" class=\"icon icon-email\"><\/i>                                info@kraljsencil.si                            <\/a>\n                        <\/li>\n\n                            <\/ul>\n        <\/div>\t\t<\/div>\n\t\t\t\t<\/div>\n\t\t\t\t\t<\/div>\n\t\t<\/div>\n\t\t\t\t\t\t\t<\/div>\n\t\t<\/section>\n\t\t\t\t<section class=\"elementor-section elementor-top-section elementor-element elementor-element-1d9da634 elementor-section-boxed elementor-section-height-default elementor-section-height-default\" data-id=\"1d9da634\" data-element_type=\"section\">\n\t\t\t\t\t\t<div class=\"elementor-container elementor-column-gap-no\">\n\t\t\t\t\t<div class=\"elementor-column elementor-col-100 elementor-top-column elementor-element elementor-element-703656de\" data-id=\"703656de\" data-element_type=\"column\">\n\t\t\t<div class=\"elementor-widget-wrap elementor-element-populated\">\n\t\t\t\t\t\t\t\t<div class=\"elementor-element elementor-element-4358ac47 elementor-widget-divider--view-line de_scroll_animation_no elementor-widget elementor-widget-divider\" data-id=\"4358ac47\" data-element_type=\"widget\" data-widget_type=\"divider.default\">\n\t\t\t\t<div class=\"elementor-widget-container\">\n\t\t\t\t\t<div class=\"elementor-divider\">\n\t\t\t<span class=\"elementor-divider-separator\">\n\t\t\t\t\t\t<\/span>\n\t\t<\/div>\n\t\t\t\t<\/div>\n\t\t\t\t<\/div>\n\t\t\t\t\t<\/div>\n\t\t<\/div>\n\t\t\t\t\t\t\t<\/div>\n\t\t<\/section>\n\t\t\t\t<section class=\"elementor-section elementor-top-section elementor-element elementor-element-275cc4f5 elementor-section-boxed elementor-section-height-default elementor-section-height-default\" data-id=\"275cc4f5\" data-element_type=\"section\">\n\t\t\t\t\t\t<div class=\"elementor-container elementor-column-gap-no\">\n\t\t\t\t\t<div class=\"elementor-column elementor-col-50 elementor-top-column elementor-element elementor-element-12910477\" data-id=\"12910477\" data-element_type=\"column\">\n\t\t\t<div class=\"elementor-widget-wrap elementor-element-populated\">\n\t\t\t\t\t\t\t\t<div class=\"elementor-element elementor-element-2a86b4c8 de_scroll_animation_no elementor-widget elementor-widget-text-editor\" data-id=\"2a86b4c8\" data-element_type=\"widget\" data-widget_type=\"text-editor.default\">\n\t\t\t\t<div class=\"elementor-widget-container\">\n\t\t\t\t\t\t\t<p>\u00a9 2023, by NK-Solutions<\/p>\t\t\t\t\t\t<\/div>\n\t\t\t\t<\/div>\n\t\t\t\t\t<\/div>\n\t\t<\/div>\n\t\t\t\t<div class=\"elementor-column elementor-col-50 elementor-top-column elementor-element elementor-element-52ccea7\" data-id=\"52ccea7\" data-element_type=\"column\">\n\t\t\t<div class=\"elementor-widget-wrap elementor-element-populated\">\n\t\t\t\t\t\t\t\t<div class=\"elementor-element elementor-element-1a0709fd de_scroll_animation_no elementor-widget elementor-widget-text-editor\" data-id=\"1a0709fd\" data-element_type=\"widget\" data-widget_type=\"text-editor.default\">\n\t\t\t\t<div class=\"elementor-widget-container\">\n\t\t\t\t\t\t\t<p><a href=\"#\">Pravno obvestilo<\/a>\u00a0 \u00a0 |\u00a0 \u00a0 Vse pravice pridr\u017eane.<\/p>\t\t\t\t\t\t<\/div>\n\t\t\t\t<\/div>\n\t\t\t\t\t<\/div>\n\t\t<\/div>\n\t\t\t\t\t\t\t<\/div>\n\t\t<\/section>\n\t\t\t\t\t\t\t<\/div>\n\t\t","protected":false},"excerpt":{"rendered":"<p>KRALJ SEN\u010cIL &#8211; MARKO KRALJ s.p. POKLI\u010cITE NAS +386 (0) 40 525 799 Pravno obvestilo SPO\u0160TOVANI UPORABNIK Va\u0161a zasebnost nam je pomembna, zato vas obve\u0161\u010damo, da na\u0161a spletna stran uporablja pi\u0161kotke. Pi\u0161kotki so majhne besedilne datoteke, ki se shranijo na va\u0161 ra\u010dunalnik ali mobilno napravo, ko obi\u0161\u010dete na\u0161o spletno stran. Pi\u0161kotki nam pomagajo izbolj\u0161ati delovanje [&hellip;]<\/p>\n","protected":false},"author":1,"featured_media":0,"parent":0,"menu_order":0,"comment_status":"closed","ping_status":"closed","template":"","meta":{"footnotes":""},"class_list":["post-313","page","type-page","status-publish","hentry"],"_links":{"self":[{"href":"http:\/\/kraljsencil.si\/index.php?rest_route=\/wp\/v2\/pages\/313","targetHints":{"allow":["GET"]}}],"collection":[{"href":"http:\/\/kraljsencil.si\/index.php?rest_route=\/wp\/v2\/pages"}],"about":[{"href":"http:\/\/kraljsencil.si\/index.php?rest_route=\/wp\/v2\/types\/page"}],"author":[{"embeddable":true,"href":"http:\/\/kraljsencil.si\/index.php?rest_route=\/wp\/v2\/users\/1"}],"replies":[{"embeddable":true,"href":"http:\/\/kraljsencil.si\/index.php?rest_route=%2Fwp%2Fv2%2Fcomments&post=313"}],"version-history":[{"count":6,"href":"http:\/\/kraljsencil.si\/index.php?rest_route=\/wp\/v2\/pages\/313\/revisions"}],"predecessor-version":[{"id":326,"href":"http:\/\/kraljsencil.si\/index.php?rest_route=\/wp\/v2\/pages\/313\/revisions\/326"}],"wp:attachment":[{"href":"http:\/\/kraljsencil.si\/index.php?rest_route=%2Fwp%2Fv2%2Fmedia&parent=313"}],"curies":[{"name":"wp","href":"https:\/\/api.w.org\/{rel}","templated":true}]}}